 28. List the prime factors of d.
2, 7
Let h be (-11)/(-3) - (-8)/24. Suppose 2*q + 3*k = -3*q + 84, -h*k - 8 = 0. What are the prime factors of q?
2, 3
What are the prime factors of (55/44)/((-2)/(-32))?
2, 5
Suppose 0 = 3*s + q - 224, 18 = -4*q + 2. List the prime factors of s.
2, 19
Suppose 238 = -2*z - i + 592, 5*z + 4*i - 891 = 0. List the prime factors of z.
5, 7
Suppose -5*b + 25 = -0*b. Suppose 53 + 32 = 4*s - b*g, g = -1. List the prime factors of s.
2, 5
Let j(k) = 3*k**2 - 2. Let p be j(-2). Let g(x) = -x**2 - 8*x - 2 + p + 3. List the prime factors of g(-8).
11
What are the prime factors of ((-15)/20)/(-2*2/1040)?
3, 5, 13
Suppose 4*r + n + n - 190 = 0, 0 = r + 2*n - 49. What are the prime factors of r?
47
Let i(a) = 5*a**2 + a. Let c = 5 + -7. What are the prime factors of i(c)?
2, 3
Let z = -162 - -97. Let t = 93 + z. Suppose -6*k + 2*k = -t. What are the prime factors of k?
7
List the prime factors of -1 + -2 + (-76)/(-2).
5, 7
Suppose -3*h + 22 = -4*r, 5*h - h = -5*r + 19. List the prime factors of h.
2, 3
Suppose 0 = -3*j - 3*j + 24. What are the prime factors of j?
2
Let m(x) = -x**3 + 4*x**2 - 2*x - 1. Let s be m(3). Suppose p - 23 = -4*z + s*z, -2*p + 48 = 2*z. List the prime factors of p.
5
Let m(p) = p + 4. Let x be m(-6). What are the prime factors of 99/(-3)*-1 + x?
31
List the prime factors of 29/(2 + 1/(-1)).
29
Let z(w) = w + 7. Let c be z(-5). Let b be (-5)/((-10)/24) - c. What are the prime factors of b + (-1)/(-4 - -3)?
11
Let l(k) = -5*k - 1. Let j be l(-6). Suppose 3*t - 2*o - 10 = j, 0 = 4*t + 4*o - 72. List the prime factors of 1*(-5)/(t/(-18)).
2, 3
Let s = 8 - 7. Let l be (3 - s) + 2/2. Suppose -l*a = 2 - 20. List the prime factors of a.
2, 3
Let k be (12/(-18))/((-1)/6). Suppose p + 36 = k*p. What are the prime factors of p?
2, 3
Let i = -4 - -3. Let j = 3 + i. List the prime factors of j.
2
Let n(t) = t**3 + 7*t**2 + 6*t + 6. Let p be n(-6). List the prime factors of (104/p)/(2/3).
2, 13
Let a = 1 + 5. Suppose -4 = 2*w - a, 3*y = -3*w + 42. List the prime factors of y.
13
Let l(z) be the first derivative of z**3 + z**2 - 3*z + 3. List the prime factors of l(2).
13
Let o = 13 + -8. Suppose -o*n + 305 = -0*n. Suppose -4*x + m = -n, 5*x + m = -3*m + 71. List the prime factors of x.
3, 5
Let b be 2*1 + (-192)/(-4). Suppose s = -s + b. What are the prime factors of s?
5
Suppose 18 = -5*f + 3. Let v = -3 - f. Suppose v = -2*q - 3*q + 10. List the prime factors of q.
2
Suppose -125 - 130 = -o - 2*p, 2*p = 2*o - 516. What are the prime factors of o?
257
Let p = -21 - -55. What are the prime factors of p?
2, 17
Let y(l) = -l**3 - 2*l**2 + 3*l + 1. Let o(f) = f**3 - 4*f**2 - 2*f + 4. Let z be o(4). What are the prime factors of y(z)?
3, 7
Let c(m) = -3*m**3 - 2*m**2 + 4. List the prime factors of c(-2).
2, 5
Let u(p) = -p**3 + 21*p**2 + 6*p + 13. What are the prime factors of u(21)?
139
Let a(z) = 6*z**2 - 2*z - 3. Suppose -2*k - 2*k - 8 = 0. List the prime factors of a(k).
5
Suppose 0 = 4*i + i. Suppose i = -3*o + o + 2*x + 14, -3*o + 27 = -5*x. List the prime factors of o.
2
Suppose -16 - 4 = -h. Let o = h - 12. Let z = o + -1. List the prime factors of z.
7
Suppose -4*p = 3*j - 149, -3*j + 4*j - 23 = 4*p. List the prime factors of j.
43
Suppose 0 = -3*w - w + 24. What are the prime factors of w?
2, 3
Suppose -r = -11 - 9. List the prime factors of r.
2, 5
Let v(r) = -r**3 + r**2 + 3*r + 148. What are the prime factors of v(0)?
2, 37
Let h = -30 + 20. What are the prime factors of h/15 - 104/(-3)?
2, 17
Let h be (4 - 1 - 1)*1. Let a = 7 - h. What are the prime factors of a?
5
Let k(w) = w + 5. Let s be k(-5). Suppose s*h + h - 1 = 0. Let b = h - -5. List the prime factors of b.
2, 3
Suppose 19 = 4*a + 3. Suppose 2*i = -3*f - 2*f + a, f = -3*i + 32. What are the prime factors of i?
2, 3
Let p(o) = -o - 4. Let k be p(-7). Let y = k + -22. Let h = y - -34. List the prime factors of h.
3, 5
Let u(d) = 3*d - 8*d - 7*d + 1 + 1. List the prime factors of u(-2).
2, 13
Let u = 32 + -11. Let t = 8 + -6. Suppose -63 = -4*r - 5*j, -u = -t*r + 3*j - 2*j. What are the prime factors of r?
2, 3
Suppose -2*h + 4*h + 12 = 2*j, 0 = -3*h + 4*j - 23. Let k be -2 - (1 - h)*-1. Suppose k*g = -r + 2*g - 2, -5*g = r - 26. List the prime factors of r.
2, 3
Let d(n) = 15*n**2 - 4*n - 7. Let s be d(-3). What are the prime factors of -2*(s/(-8) + -1)?
37
Let c(b) be the first derivative of b**3/3 - b + 2. Let m be c(1). Suppose m = -v - 6 + 17. What are the prime factors of v?
11
Suppose 0 = u - 3*k - 7, 5*u = 2*u - 4*k + 8. List the prime factors of (-22 - (u + -1))/(-1).
5
What are the prime factors of (-3 - -9)*201/9?
2, 67
Let b(i) = -4*i**3 + 2*i**2 + i. Let g be b(-1). Suppose -2*a - g*j + j + 10 = 0, 5*j = -3*a + 18. List the prime factors of a.
11
Let t = 3 + -8. Let h = -3 - t. List the prime factors of h.
2
Let l be (-45)/(-12) + (-2)/(-8). Suppose 0 = 3*v + 3*n, l*n = 3*v - 0*n - 21. List the prime factors of v.
3
Suppose -2*v - 2574 = -13*v. List the prime factors of v.
2, 3, 13
Suppose -5*r + 251 = 4*l, -5*l + 2*r = 4*r - 318. List the prime factors of l.
2
Let o = -6 - -1. Let h(z) = 2*z**2 + 7*z - 1. What are the prime factors of h(o)?
2, 7
Let d be 7 + (-6 - -3) + -1. Let q = d + 13. What are the prime factors of q?
2
Suppose 3*k - 7*k + 20 = 0. What are the prime factors of k?
5
Let a be (-1)/((-5)/(-50)*-2). Let y(d) = -5*d**2 + d + 4*d**2 + 5*d. What are the prime factors of y(a)?
5
Let q be (4/(-2))/(1/1). Let n(s) = s + 3. Let b be n(-18). List the prime factors of (b + 0)*q/6.
5
Let p(v) = -v**3 + 10*v**2 + 12*v + 12. What are the prime factors of p(11)?
23
Let f = -16 - -43. Let h = -1 + 1. Suppose 3*i - f = -h*i. What are the prime factors of i?
3
Let l(h) = h**2 - 11*h**3 - h - h + 0*h + 1. Let g be l(1). Let d = 1 - g. List the prime factors of d.
2, 3
List the prime factors of 2/(-4) - (-23)/2.
11
Suppose -8*q + 584 + 488 = 0. List the prime factors of q.
2, 67
What are the prime factors of 2/7 - (-24)/14?
2
Suppose -2*q + 145 = 3*q. What are the prime factors of q?
29
Let m(z) = -z**2 - 3*z - 2. Let g be m(-3). Let j = 7 + g. What are the prime factors of j?
5
Let o(q) = 5*q**2 + 2*q + 1. Let l be o(-1). Suppose 4*g = -2*j + 20, -5*j = 4*g - 3*g + l. What are the prime factors of g?
2, 3
Let p be (-4)/22 - (-141)/(-11). List the prime factors of 2 - p - (-2 - -5).
2, 3
Suppose 2*a + 8 = 3*i + 32, 0 = -5*a + 3*i + 60. What are the prime factors of a?
2, 3
Suppose -3*s = -167 - 7. What are the prime factors of s?
2, 29
Suppose -4*r - 5*h + 681 = 0, -2*r - 4*h + 289 + 53 = 0. What are the prime factors of r?
13
Let g(k) = 4*k - 2. Let s be g(5). Suppose 4*z - 3*z - s = 0. What are the prime factors of z?
2, 3
Let d(b) = 9*b**3 - b**2 - 2*b + 2. Let g be d(1). Suppose -t = -5*m + 63, -2*m + 39 = 3*t - g*t. What are the prime factors of m?
2, 3
Suppose 4*j = -0*i + 2*i + 36, -4*i + 9 = j. Suppose 5*n - j*n = -80. List the prime factors of n.
2, 5
Let n be (-3)/9*-3 - -3. Suppose 3*s = n*s - 7. List the prime factors of s.
7
Let x be 9/(-1) + (-2 - -3). List the prime factors of ((-3)/2)/(4/x).
3
Let k(z) = 5*z**3 + z**2. Let d be k(-1). Let a be 530*d/(-10)*-1. List the prime factors of a/(-20) + 2/5.
11
Suppose 240 = -5*s + 5*m + 895, -4*m + 610 = 5*s. What are the prime factors of s?
2, 3, 7
Let t be ((-18)/(-15))/((-6)/(-20)). Let l(w) = w - 5. Let a be l(t). What are the prime factors of (a + -3)/(-1*2)?
2
Suppose -4*t + 488 = 100. What are the prime factors of t?
97
Suppose z - 3 - 22 = 0. What are the prime factors of z?
5
Let q(v) = 87*v**3 + v**2 + v - 1. Let r be q(1). Suppose r - 22 = 2*g. What are the prime factors of g?
3, 11
Let n(g) be the first derivative of -g**5/120 + 2*g**4/3 - g**3 - 4. Let k(b) be the third derivative of n(b). What are the prime factors of k(12)?
2
Let t(s) = 4*s - 2. Let k(v) = -7*v + 4. Let b(y) = -3*k(y) - 5*t(y). Let l be b(-5). Let n(z) = -z**2 - 9*z + 8. What are the prime factors of n(l)?
2, 11
List the prime factors of 2/11 - (-357)/33.
11
Suppose -2*s - 504 = -5*s. What are the prime factors of s?
2, 3, 7
Let g(r) = r**3 - 5*r**2 + 11*r + 5. What are the prime factors of g(5)?
2, 3, 5
Suppose 5 + 5 = 5*k. List the prime factors of 0/(k + 1) + 46.
2, 23
Let v(t) = -16*t 